4*-1?
2, 3, 5
Suppose -3*m - 5*f = -112, -m = 4*f + 6 - 55. What are the prime factors of m?
29
Suppose 54 = -r + 4*r. Suppose 2 + r = 4*g. Suppose 35 = 4*d - g. What are the prime factors of d?
2, 5
Suppose -6 - 3 = -u. Let h = 11 + u. What are the prime factors of h?
2, 5
Let x = -1 - -4. Suppose -29 - 7 = -x*d. What are the prime factors of d?
2, 3
Suppose -4 - 6 = -5*r. What are the prime factors of 0 + r - 4/(-2)?
2
Let v(h) = -h**3 - 20*h**2 - 26*h + 10. What are the prime factors of v(-19)?
11, 13
List the prime factors of (-6)/(-2) - (-1 + 1).
3
Let s(w) = w. Let o be s(3). Suppose 30 = 4*c + 2*u + 8, o*c = -3*u + 9. List the prime factors of c.
2
Let g be 10 - ((6 - 3) + -2). Let d = -3 - -3. Suppose 3*o - g = d, -k + 4*o = -2*k + 21. List the prime factors of k.
3
Suppose -3*d + s + 25 = -11, -5*s = 0. Suppose u = 4*u + d. List the prime factors of (-48)/u*(-2)/(-4).
2, 3
Suppose 0*d = -d. Suppose d*n - 66 = -3*n. What are the prime factors of n?
2, 11
Let z(r) = r + 1. Let b be z(5). Let q be 68*(-1 + 9/b). Suppose 0 = -o + x - 3*x + 8, 3*o - q = -x. List the prime factors of o.
2, 3
Let d be 15/20 + (-26)/(-8). Let u = 2 - -1. Suppose d = m - 5*s, 2*s - u*s = -3*m + 26. What are the prime factors of m?
3
Suppose -3*b + 13*b - 730 = 0. List the prime factors of b.
73
Let r be 78*(-3)/(-4 - -1). Let f = -26 + r. List the prime factors of f.
2, 13
Suppose 4*g = w - 61, 5*g - 25 = -w + 9. List the prime factors of w.
7
Suppose t = -0*t + 1. Suppose -t = o + 3. List the prime factors of (-2)/2*(o + 2).
2
Let o be (-16)/(-2) + (8 - 5). Let i = o - 6. Suppose i*v - 4 = 4*v. What are the prime factors of v?
2
Let y(j) = -j**2 - 8*j - 12. List the prime factors of y(-5).
3
Let m(p) = -3 + 9*p**2 - p - 7*p**2 + 3. List the prime factors of m(3).
3, 5
What are the prime factors of (-1)/(-2) - (-123)/2?
2, 31
Let x(z) be the second derivative of z**4/4 - z**3/6 + 3*z. What are the prime factors of x(-2)?
2, 7
Let z be (-22)/77 + 74/14. Suppose z*c = 144 + 76. Suppose 0 = 5*a - 10, -2*i - 4*a = i - c. What are the prime factors of i?
2, 3
Let c = -43 - -66. List the prime factors of c.
23
Let u(v) = -v - 12. Let w be u(-5). Let g(i) = -12*i + 26*i - 15*i + 1. List the prime factors of g(w).
2
Let q = 14 - 5. Suppose q*w = 10*w - 20. List the prime factors of w.
2, 5
List the prime factors of 2/(-4) + 85/10.
2
Suppose -h + 3*n - 27 = 0, 2*h - 4*n = h - 25. Let r = h - -67. List the prime factors of r.
2, 17
Let j(r) = -r**3 + 3*r**2 + 7*r + 6. What are the prime factors of j(-4)?
2, 3, 5
Let y(k) = -2*k**3 - k**2 + 8*k - 5. List the prime factors of y(-5).
2, 3, 5
Let i be (2 - 3)/(1/6). Let c(u) = u + 10. Let z be c(i). Let d(t) = t**3 - 3*t**2 - 4*t + 6. What are the prime factors of d(z)?
2, 3
Suppose 5*p - 5*b = -60, -2*p - b + 3 = 18. List the prime factors of ((-5)/(-15))/((-1)/p).
3
Let q be 3/(-9) + (-4)/6. Let j = 5 + q. List the prime factors of j.
2
Let a = 9 + 4. Let k = a - 8. List the prime factors of k.
5
Let z = 0 + 0. Suppose z*s = 3*s. Let t = s + 9. List the prime factors of t.
3
Let l = 37 + -25. Let x = -7 + l. Suppose 6 = -4*a + x*a + r, 2*a = -5*r + 18. What are the prime factors of a?
2
Suppose 0 = 3*a + y + 167, 2*a - 25 = y - 143. Let w = a - -95. List the prime factors of w.
2, 19
Let d be (-7)/(21/(-24))*1. Let l be 732/d - (-2)/(-4). Suppose -2*q = 2*h - 42, 0*h - 2*q - l = -5*h. List the prime factors of h.
19
Let n = 3 + 0. What are the prime factors of (-7)/(1 - n - -1)?
7
Let x(l) = 26*l + 25. What are the prime factors of x(9)?
7, 37
Suppose 6 = 5*x + 1. Suppose -p = -5*j + 14, 5*p + 6 = 4*j - x. What are the prime factors of j?
3
Suppose 0 = y + 2*b + 25, 0*b = -2*b - 10. What are the prime factors of 24/10*(-50)/y?
2
Suppose -5*s + 14 + 1 = 0. What are the prime factors of s?
3
Let u = -12 + 28. Let s = 43 - u. What are the prime factors of s?
3
Suppose -5*b - 7 = 3. Let s = 11 + b. List the prime factors of s.
3
Let n(m) be the third derivative of m**5/60 - m**4/24 + m**3/6 - 2*m**2. Let v be n(-2). Let w = 15 - v. List the prime factors of w.
2
Suppose -x + 12 = -3*x. Let b = x - -6. Suppose -c = -4 - b. List the prime factors of c.
2
Suppose -8*w = -6*w - 52. Suppose 5*i - 126 + w = 0. List the prime factors of i.
2, 5
Let s = 4 - 3. Let w = 2 + s. Suppose 0 = q + 3*t - 22 + w, -33 = -3*q - t. What are the prime factors of q?
2, 5
Suppose 0 = u - 1 - 5. Suppose -u = 2*d + d. List the prime factors of (-6)/d + -3 + 15.
3, 5
Let p(o) = 5*o**2 - 2*o + 2. Let b(m) = 9*m**2 - 3*m + 5. Let d(c) = -6*b(c) + 11*p(c). Let w be d(6). List the prime factors of w*(1 + (-1)/4).
3
Let s be (3/(-3 + 6))/(-1). Let m be (s - -10) + 3*1. Suppose 1 = o - m. What are the prime factors of o?
13
Let u(x) = 5*x**2 - 2*x + 2. Suppose -5*q + 8 = -q. Let s be u(q). List the prime factors of (2/(-3))/((-1)/s).
2, 3
Let a(g) = g**3 + 8*g**2 - 10*g. Let i be a(-9). Let o(n) be the second derivative of -n**4/12 + 11*n**3/6 - 11*n**2/2 + n. List the prime factors of o(i).
7
Suppose 5*w - h = 2*w + 4, 4*w = -4*h - 16. Let y = 30 - 19. Suppose 5*l - y - 59 = w. What are the prime factors of l?
2, 7
Let d(o) = -o**2 - o - 3. Let n be d(-4). Let y be 20/(-6)*(-6)/5. What are the prime factors of (-141)/n + y/(-10)?
3
Let a be (-14)/((-2 - -3) + -3). Suppose -3*d = -a - 32. List the prime factors of d.
13
Let u(y) = 7*y**3 - 9*y**2 + 8*y - 7. Let m(p) = 15*p**3 - 18*p**2 + 17*p - 14. Let g(i) = -6*m(i) + 13*u(i). What are the prime factors of g(9)?
11
What are the prime factors of (-400)/(-3) - ((-19)/(-3) + -6)?
7, 19
Let b(j) = 5*j - 12. Let g be b(6). Suppose 4*t - 46 = -3*q, q = 2*t - 10 - g. List the prime factors of t.
13
Let m = -223 + 133. List the prime factors of (18/(-2))/(27/m).
2, 3, 5
Let s = -220 + 337. List the prime factors of s.
3, 13
Suppose -18 = -n + 1. Suppose 5*y - n - 1 = 0. Suppose 47 = 4*l + 3*r, 4*r - 45 = -y*l + 3*r. What are the prime factors of l?
11
Let h be 0 - (1 + 3/(-3)). Let f be -2 + 4 - (h + 0). Suppose 7*u = f*u + 35. What are the prime factors of u?
7
What are the prime factors of 2/11 + (-7350)/(-231)?
2
Let f = 108 + 183. List the prime factors of f.
3, 97
Let z = -34 - -59. Suppose -27 - z = -4*u. Let h = u - 6. List the prime factors of h.
7
Let d = 44 - 23. Let o be 4/(-14) - 78/d. What are the prime factors of ((-2)/o)/(2/32)?
2
Let a be (-40)/(-50)*5*1. Let s be (1/3)/((-2)/(-18)). Suppose a + s = g. List the prime factors of g.
7
Suppose 2*r + 28 = -3*w - 12, 0 = -5*w - 20. List the prime factors of -10*-2*r/(-8).
5, 7
Suppose -j + 117 = -4*w, 2*w = -w + 6. List the prime factors of j.
5
List the prime factors of ((-745)/(-25) + -4)/(2/10).
3, 43
List the prime factors of 1*(-34)/((-3)/3).
2, 17
Let t = 33 - 20. Suppose 0 = -5*j + 4*x + 64, 3 = 4*x - t. What are the prime factors of j?
2
Let s(a) = 2*a + 2. Let q be s(-5). Let m = -10 - q. List the prime factors of 1 - (m - (10 - -1)).
2, 7
Suppose -10 = -5*b + 3*b. Suppose z + 2 = b. List the prime factors of z + -4 + 2 - -21.
2, 11
Let h(s) = 5*s + 73. List the prime factors of h(0).
73
Suppose -4*t + 3*d = -671, -2*d + 159 = t - d. List the prime factors of t.
2, 41
Suppose 3*u = -5*w - 7, -3*u = -8*u + 2*w + 40. Let r be (5 + -2)/(6/4). Suppose 5*f = x + 19, 0*f - f - r*x = -u. What are the prime factors of f?
2
Let p = -61 - -120. What are the prime factors of p?
59
Let f be 1/(-2) + (-15)/(-6). Let q be (-10)/(-5)*(-11)/f. Let h = 23 + q. List the prime factors of h.
2, 3
Let z be (-2 - -2) + 64/4. Suppose 5*y - z = -7*u + 3*u, -3*u = -y - 12. Suppose -3*q - 12 = -4*m + m, u*m + 3*q = 2. List the prime factors of m.
2
Let a be 3/(1 + (-3)/12). Suppose 0*c - a = -2*c. Suppose -c*l + 26 = h - 6*l, 0 = 2*h + l - 16. List the prime factors of h.
2, 5
Suppose 3*a - 45 = -3*u, 0*u = -4*u + a + 40. Suppose 3 = -3*o, 5*b + 5*o - 36 = -u. List the prime factors of b.
2, 3
Suppose -3*o + 2*y = -2*o, 45 = 2*o + 5*y. Let d = 17 - o. Let j = 13 - d. List the prime factors of j.
2, 3
Let g(q) = 28*q**3 - q**2 - 3*q + 2. Let h be g(2). List the prime factors of (-2)/7 + h/21.
2, 5
Let m(t) = 5*t**2 - t + 1. List the prime factors of m(-2).
23
Let g(z) = -3*z + 13. Let q be g(12). Let b be q/4 + 4/(-16). List the prime factors of 1/3 + (-34)/b.
2, 3
